u**3 - 3*u**2 - 3*u. Let t(r) = 7*r**3 + 6*r**2 + 5*r. Let y(i) = 11*o(i) + 6*t(i). Let c be y(2). Let g = -5 - c. List the prime factors of g.
5
Let n = -7 + 14. Suppose -3*h - 7 = 4*z, h + 3*z + 2 + n = 0. Suppose 2*x + 3 = -h*y - 0, 0 = -3*x - 4*y - 2. What are the prime factors of x?
2, 3
Let m be 26/65 - 36/(-10). List the prime factors of 2 + (50 - (6 - m)).
2, 5
Suppose 5*u - 4*u - 2 = 0. Suppose -2 = -3*a - l, u*a - 8 = 4*a + 3*l. List the prime factors of a.
2
Let x be (-12)/(-15)*(-30)/(-4). Let g be (-1 - (-9)/x)*8. What are the prime factors of (-1 - g)*(-8)/5?
2
Let g = -28 - -181. List the prime factors of g.
3, 17
Let d be -8 + 5 + 46*2. Let m = -63 + d. What are the prime factors of m?
2, 13
Let h(o) = 19*o**2 - o - 1. What are the prime factors of h(3)?
167
Suppose 3*s - 30 = 90. Let x = s - 8. What are the prime factors of x?
2
Suppose -1 + 5 = 2*j, 3*t - 178 = j. List the prime factors of t.
2, 3, 5
Let b be (-3)/(-6) + 198/(-4). Let z = -35 - b. List the prime factors of z.
2, 7
Let m(n) = -n**3 - n**2 - n + 5. Let y be m(0). Let x(w) = 12*w. Let p be x(-1). What are the prime factors of y*(-2 - p/5)?
2
Suppose 2*w = -3*q + 167, -5*q + 216 = 3*w - 36. List the prime factors of w.
79
Let w be 0*(2 - 3 - -2). Suppose w = 3*p + 4*f - 132, -2*p + 2*f - 42 = -3*p. Suppose 4*n = -4*l + p, 4*l - 20 = -n - l. What are the prime factors of n?
2, 5
Suppose 0 = 4*u - u - g - 104, u - 32 = 3*g. What are the prime factors of u?
5, 7
Let h = -6 - -7. Let y(z) = 5*z**3 - 2*z**2 + 2*z - 1. What are the prime factors of y(h)?
2
Let a(u) = -u**3 + 3*u**2 + 2*u - 3. Let s be a(3). Suppose 39 = 6*y - s*y. List the prime factors of y.
13
Suppose -3*k + 36 = -0. What are the prime factors of k?
2, 3
Let z = 7 - 11. Let w = z - -6. List the prime factors of 1/(-2)*(w + -20).
3
Let p = -20 - -19. List the prime factors of (p - 37)/(-4 + 2).
19
Let w be -28*(-3 + -1)/8. Suppose -w = -3*x - 5. List the prime factors of x.
3
Suppose 24 - 70 = -2*t. List the prime factors of t.
23
Let t(c) = 0 + 1 + 7*c + 3 - 3. What are the prime factors of t(1)?
2
Suppose 36 = 3*f - 2*j - j, 0 = 4*j - 12. List the prime factors of f - 0 - (-6)/(-2).
2, 3
List the prime factors of -1 + (-574)/(-5) - (-4)/20.
2, 3, 19
Let x = 27 + -18. List the prime factors of 8/((-3)/x*-3).
2
Let c(n) = n**2. Let s = 1 - -1. List the prime factors of c(s).
2
Let s(l) = l**2 + l + 1. Let i be s(-2). Let b be ((-4)/8)/(3/(-18)). Let r = b + i. What are the prime factors of r?
2, 3
Suppose -7*a + 247 = -159. List the prime factors of a.
2, 29
Let u(d) = -d**2 + 3*d - 3. Let t be u(2). List the prime factors of 8/12*(2 - t).
2
Let l be (-100)/(-12) - 2/(-3). Let k = l - -11. Suppose 5*z + 0 = -k, 26 = 3*x + 4*z. What are the prime factors of x?
2, 7
Let y = 22 - 12. List the prime factors of y.
2, 5
Let y(j) = -j**3 - 4*j**2 - 6*j - 3. Let c be y(-4). Let m = -20 + 7. Let x = m + c. List the prime factors of x.
2
Let n(i) = -i**3 + 6*i**2 - 2*i - 3. Let u be n(5). Suppose -3*m + 12 = 4*t, -3*t - 4*m - u = -7*m. List the prime factors of 1*(t + 2 + 2).
2
Suppose 3*k = -k - 28. Let o = 17 + k. What are the prime factors of o?
2, 5
Suppose -3*a + 0 + 9 = 0. Suppose 5*d - 6 = 3*q - 95, -a*d + 6 = 0. List the prime factors of q.
3, 11
Let a = 12 - 6. Suppose -y + 2*y + 5*o = -7, 0 = -2*y + 3*o + 25. Let g = y - a. List the prime factors of g.
2
Suppose 0 = 3*l - 7*l - 5*q + 68, 4*l - q = 92. Let p = -35 + l. Let w = p - -24. List the prime factors of w.
11
Let g(f) = -22*f - 1. List the prime factors of g(-2).
43
Let q be (7 - (-9)/(-3)) + -2. Suppose -4*c + u + 131 = -q*u, 5 = -u. What are the prime factors of c?
29
Let j(r) = 14*r + 1. What are the prime factors of j(1)?
3, 5
What are the prime factors of (1 - 3)/(4/636*-3)?
2, 53
Suppose -3*o - 3*d = -12, 2*d - 17 = 5*o - 10*o. Let s be -1 + (3 + -2)*o. Suppose 4*p - s = 82. List the prime factors of p.
3, 7
Let x(y) = 0*y - y - 10 + 6 + 3. Suppose 2 = d + 5. What are the prime factors of x(d)?
2
Suppose 13 - 41 = -4*q. Let r = 2 + q. List the prime factors of r.
3
Let y = 5 + -5. Suppose y*h + 340 = 5*h. What are the prime factors of h/8 - 1/(-2)?
3
Let r(h) = -h**3 - 7*h**2 - 7*h - 7. Let d be r(-7). Suppose 7 = -a + d. Suppose -c + 2*c - 2*w = 10, -3*w = -4*c + a. What are the prime factors of c?
2
Suppose 4*d = 4*o - 36, 3*o - d = 14 + 11. List the prime factors of o.
2
Let q be (2 - -1)/(2/(-2)). List the prime factors of (-330)/(-18) - (-1)/q.
2, 3
Let v = -2 + 5. Suppose v*u - 5*z = -6, 2*u - 3*z + 1 + 2 = 0. Suppose -u*x - x + 8 = 0. What are the prime factors of x?
2
Suppose z - 2*y = 0, 0 = 4*z - 4*y + 8*y + 12. Let c be (-1 + (-10)/(-6))/((-4)/(-24)). Let l = c + z. What are the prime factors of l?
2
Let j(v) = -v - 2. Let l(w) = -w**2 - 8*w - 8. Let z be l(-6). Let m be j(z). What are the prime factors of ((-2)/m)/(4/276)?
23
Let h = 7 - 2. Suppose m + 29 = 3*j + h*m, 0 = -j + 3*m - 12. Suppose c - 6 = 2*p, c - j*p = 2*c + 4. List the prime factors of c.
2
Let j be (-2 + 1*-4)/1. Let n = j + 8. Suppose -5*c + 5 = -n*c + a, -3*c + 2 = 4*a. List the prime factors of c.
2
Let q(c) = -3*c**2 + 10*c + 3. Let f(d) = -7*d**2 + 19*d + 6. Let j(m) = -2*f(m) + 5*q(m). List the prime factors of j(9).
2, 3, 5
Suppose -x + 603 = 5*j, 3*j + x - 359 = -x. Suppose 5*y + 26 = j. What are the prime factors of y?
19
Let s(q) = 2*q + q - 5*q. Let r be s(-1). Let k = 8 - r. What are the prime factors of k?
2, 3
Let b(t) = -2*t - 1 + 4*t - 4*t. Let j be b(-1). Suppose 10 + j = r. What are the prime factors of r?
11
Let z = -18 + 26. Let a(r) = 8 + r - 3*r**2 - 2*r**2 - z*r + r**3. What are the prime factors of a(6)?
2
Let j = 3 + 1. Suppose -3*n - 14 = -j*n. List the prime factors of n.
2, 7
Let t(s) = -s - 2. Suppose -2*p - 3*w - 43 = -4, -3*w = 4*p + 69. Let j = p - -9. List the prime factors of t(j).
2
Let f = 7 - 7. Let d = f + 4. List the prime factors of d.
2
Let j = 9 + 5. List the prime factors of j.
2, 7
Let m be (1 - 1) + (-2)/(-2). Let v be 0 + 2/2 + m. Suppose 0 = v*z - z - 11. What are the prime factors of z?
11
Let n = 20 - -2. Let p = 31 - n. List the prime factors of p.
3
Suppose -4*n - 140 = -o, 5*o + 8*n - 784 = 7*n. What are the prime factors of o?
2, 3, 13
What are the prime factors of -18*(-2 + -1) + 4?
2, 29
Suppose 3*q + 2*q = 0, -2*y = 4*q - 80. List the prime factors of y.
2, 5
Suppose -6*z + 4*z + 4 = 0. Suppose -3*w = 9, z*q - 21 = -q - 4*w. What are the prime factors of q?
11
List the prime factors of 3 + -5 - (-2 - 8*9).
2, 3
Let r(x) = -x**2 + x - 3. Let u be r(-5). Let h = -214 + 538. What are the prime factors of 4/22 - h/u?
2, 5
Let n(a) = -6*a**2 - 5*a - 2. Let j be n(-3). Let c = -25 - j. What are the prime factors of c?
2
Suppose -u = -2*x - 2*u + 21, -4*x + 21 = -5*u. Let r = 9 + x. What are the prime factors of r?
2, 3
List the prime factors of (13 + 5)/((-9)/(-96)).
2, 3
Let h(y) = -y + 32. List the prime factors of h(-10).
2, 3, 7
Let i = 32 - 19. Suppose 5*d = i + 7. Suppose -6 = -d*r + 2. List the prime factors of r.
2
Let b = 13 + 0. What are the prime factors of b?
13
Let u(a) = 41*a**3 + a**2 + 4*a - 2. Let g(r) = -21*r**3 - r**2 - 2*r + 1. Let q(k) = 5*g(k) + 3*u(k). What are the prime factors of q(1)?
17
Let z be 4/2*(-110)/(-20). Let m = 18 - z. List the prime factors of m.
7
Suppose -5*x - 53 - 24 = -i, 2*x - 77 = -i. What are the prime factors of i?
7, 11
Let k = -77 + 214. What are the prime factors of k?
137
Suppose -3*p = -2*k - p - 2, 0 = 2*k - 3*p - 2. Let d = -1 - k. What are the prime factors of 3/12 + 7/d?
2
Suppose -34*n + 32*n + 242 = 0. What are the prime factors of n?
11
Suppose -29 = -2*p + 375. What are the prime factors of p?
2, 101
Suppose -6*n + 517 + 65 = 0. What are the prime factors of n?
97
Suppose 2*p + 2*b = -0 + 18, -2 = 2*p - 2*b. Suppose 4*f - 20 + p = 0. List the prime factors of (3/(-9))/(f/(-168)).
2, 7
What are the prime factors of (-4)/(-10) - 584/(-40)?
3, 5
Let f be -1*(40 + 1) + 0. Let v = f - -61. What are the prime factors of v?
2, 5
List the prime factors of (-12)/(1*9/(-30)).
2, 5
Suppose 3*l + 2*l - 198 = -q, -5*q - 4*l = -1032. List the prime factors of q.
2, 13
Let m(h) = -2*h + 1. Let b be m(3). Let i(o) = -o**3 - 3*o**2 + 3*o + 7. Let d be i(b). Suppos